f(0).
1
Let o(x) = -698*x + 13965. Calculate o(20).
5
Let h(y) = 847*y - 2666. What is h(3)?
-125
Let n(x) = -7*x**3 - 105*x**2 - 98*x + 26. Determine n(-14).
26
Let l(o) = o**2 - 48*o - 1. Determine l(49).
48
Let t(g) = -57*g**3 - 10*g + 15. Calculate t(2).
-461
Let t(i) = -21*i - 360. Give t(-17).
-3
Let t(s) = -2*s**3 + 2*s**2 - 15*s + 36. Give t(2).
-2
Let r(h) = 7*h**2 - 98*h + 179. Determine r(12).
11
Let k(t) = -26*t - 416. Determine k(-16).
0
Let i(o) = -845*o - 1690. Give i(-2).
0
Let x(z) = 2*z**3 + 31*z**2 + 117*z + 5. Determine x(-8).
29
Let a(b) = 2*b**3 + 16*b**2 + 22*b + 8. What is a(-5)?
48
Let x(h) = -2*h**2 + 89*h + 4470. Calculate x(-30).
0
Let r(f) = -16*f - 724. Determine r(-44).
-20
Let y(l) = -l**2 + 28*l - 31. Calculate y(0).
-31
Let l(t) = t**3 + 19*t**2 - 48*t - 121. What is l(-21)?
5
Let g(l) = l**2 - 111*l + 1098. What is g(11)?
-2
Let m(s) = -s**2 - 23*s - 124. Determine m(-14).
2
Let y(m) = -447*m - 3130. Give y(-7).
-1
Let v(a) = -9*a**2 + 100*a + 25. Calculate v(11).
36
Let i(w) = -7*w**2 + 87*w + 748. Determine i(-6).
-26
Let u(x) = -3*x**3 + 15*x**2 - 29*x - 12. Give u(5).
-157
Let w(m) = -m**3 + 10*m**2 + m + 1. Calculate w(11).
-109
Let f(m) = -m**3 + 35*m**2 - 26*m + 909. Calculate f(35).
-1
Let i(b) = -289*b - 6952. Determine i(-24).
-16
Let b(a) = -a**3 - a**2 + 98*a + 191. What is b(-2)?
-1
Let w(y) = -2*y**3 - 23*y**2 + 39*y + 35. Determine w(-12).
-289
Let n(u) = -10*u**3 - 2*u**2 - 4*u + 6. Give n(1).
-10
Let d(a) = 198*a - 554. What is d(3)?
40
Let c(i) = -i**2 - 235*i + 5099. Calculate c(20).
-1
Let x(k) = -14*k**2 - 37*k + 12. Determine x(-3).
-3
Let x(c) = c**2 + 18*c + 79. What is x(-9)?
-2
Let n(d) = d**3 - 7*d**2 - 70*d - 7. Calculate n(-5).
43
Let t(z) = -2151*z - 2118. Determine t(-1).
33
Let g(b) = b**2 + 26*b - 376. What is g(10)?
-16
Let h(n) = -8*n**3 - 80*n**2 + 193*n + 1. Give h(2).
3
Let m(p) = -7*p**2 + 67*p - 305. Give m(11).
-415
Let f(c) = 697*c**2 + 211*c - 213. Determine f(1).
695
Let y(o) = o**3 + 69*o**2 + 200*o + 8982. Calculate y(-68).
6
Let b(f) = f**2 - 25*f - 379. Calculate b(41).
277
Let u(w) = -10*w**2 - 151*w - 16. Determine u(-15).
-1
Let s(v) = -2*v**3 + 38*v**2 + 54*v - 231. Calculate s(21).
-861
Let a(k) = -k**3 - 12*k**2 + 31*k - 34. Give a(-14).
-76
Let n(x) = -3*x**3 - 28*x**2 - 568*x - 5034. Calculate n(-9).
-3
Let k(u) = 10*u + 72. Determine k(-19).
-118
Let j(b) = 17*b + 562. Calculate j(-37).
-67
Let x(i) = -i**2 - 16*i - 32. Give x(-19).
-89
Let l(p) = p**2 - 104*p + 583. Determine l(98).
-5
Let b(o) = -540*o - 11343. What is b(-21)?
-3
Let w(r) = r**2 - 39*r - 421. What is w(58)?
681
Let s(x) = 34*x - 372. Determine s(11).
2
Let r(s) = -s**3 - 7*s**2 - 4*s + 8. What is r(-6)?
-4
Let f(v) = 30*v + 85. What is f(-3)?
-5
Let j(s) = -40*s + 2671. Give j(53).
551
Let f(p) = -p**3 - 15*p**2 - 22*p + 38. Give f(-13).
-14
Let g(o) = -9*o**2 + 12*o - 2. Give g(4).
-98
Let l(v) = v**2 + 9*v - 30. Calculate l(-12).
6
Let z(o) = o**3 + 66*o**2 - 61*o + 367. Calculate z(-67).
-35
Let c(x) = 13*x - 17. What is c(-6)?
-95
Let w(h) = h**3 + 19*h**2 + 66*h + 304. Give w(-16).
16
Let x(i) = -14*i + 150. Give x(16).
-74
Let j(d) = 3*d**2 - 153*d - 669. Determine j(55).
-9
Let d(r) = 2*r - 36. Give d(24).
12
Let h(m) = -m**3 - 7*m**2 + 104*m - 163. Give h(6).
-7
Let o(r) = -5*r**3 + 63*r**2 - 40*r + 42. Determine o(12).
-6
Let s(y) = -y**2 + 12*y + 106. What is s(0)?
106
Let t(b) = b**2 - 9*b - 441. Give t(27).
45
Let a(s) = -71*s - 603. Calculate a(0).
-603
Let h(i) = i**3 - 193*i**2 + 178*i + 2694. What is h(192)?
6
Let o(m) = -195*m - 968. Determine o(-7).
397
Let m(q) = -2*q**2 + 9*q - 15. Calculate m(3).
-6
Let c(x) = 23*x**2 + 1679*x + 7816. What is c(-5)?
-4
Let t(u) = -23*u**2 - 572*u - 576. What is t(-1)?
-27
Let y(s) = 374*s**3 + 5*s**2 - s - 1. Give y(1).
377
Let c(n) = n**3 + 7*n**2 + 27*n + 16. Determine c(-3).
-29
Let o(v) = -299*v + 2101. What is o(7)?
8
Let i(u) = u**3 - 17*u**2 - 11*u - 42. What is i(18)?
84
Let c(x) = -53*x - 60. What is c(-1)?
-7
Let b(i) = -i**2 + 298*i - 2266. Determine b(8).
54
Let o(s) = 539*s + 3225. What is o(-6)?
-9
Let z(q) = -130*q + 268. Give z(2).
8
Let t(r) = r**3 - 13*r**2 + 92*r - 496. Calculate t(9).
8
Let c(j) = -5*j**2 - 11*j - 6. Give c(-3).
-18
Let z(v) = -20*v**2 + 31*v + 81. What is z(-3)?
-192
Let y(p) = p**3 + 13*p**2 + 41*p + 1021. Determine y(-15).
-44
Let s(m) = -2*m**2 - 188*m + 651. What is s(-96)?
267
Let o(z) = 3993*z + 103821. Determine o(-26).
3
Let y(o) = 18*o**2 + 54*o - 64. What is y(1)?
8
Let t(s) = s**3 + 86*s**2 + 751*s - 71. Determine t(-10).
19
Let j(n) = -47*n - 2400. What is j(-51)?
-3
Let o(f) = -f**2 + 23*f - 108. What is o(7)?
4
Let d(v) = 87*v**2 - 2003*v - 12. Determine d(23).
-58
Let i(s) = -s**2 + 310*s - 9753. Calculate i(37).
348
Let s(h) = -52*h + 473. Give s(9).
5
Let p(j) = -j**2 - 28*j - 8. What is p(-24)?
88
Let d(s) = s**3 - 36*s**2 + 317*s - 121. Give d(14).
5
Let j(m) = 485*m + 1909. What is j(-4)?
-31
Let y(m) = -m**3 - 11*m**2 - 96*m - 897. Calculate y(-10).
-37
Let l(b) = -b**2 - 15*b + 27. Give l(-10).
77
Let j(b) = 7*b + 666. What is j(-45)?
351
Let m(v) = -35*v - 2825. What is m(-72)?
-305
Let k(o) = -9*o**2 - 111*o - 140. Calculate k(-11).
-8
Let u(j) = 38*j + 1274. Determine u(-36).
-94
Let a(b) = 14*b + 175. Determine a(-24).
-161
Let c(g) = -66*g**2 - 6468*g - 4. Give c(-98).
-4
Let k(c) = 2*c**3 + 3*c**2 - 5*c + 5. Determine k(1).
5
Let y(w) = 193*w - 1119. Give y(6).
39
Let o(v) = -3*v**2 + 4*v + 8. Give o(2).
4
Let f(l) = -l**3 - 8*l**2 - 2*l + 20. Determine f(-7).
-15
Let u(o) = 3*o**3 - 30*o**2 - 8*o + 175. What is u(10)?
95
Let y(v) = 75*v**3 - 3*v**2 + 6*v + 7. Give y(-1).
-77
Let v(w) = 26759*w - 53531. Determine v(2).
-13
Let w(s) = 5*s - 102. Give w(8).
-62
Let f(s) = -2*s**3 - 67*s**2 - 23*s + 385. What is f(-33)?
55
Let b(v) = -91*v + 2432. Determine b(27).
-25
Let i(t) = -8*t**3 - t**2 + 4*t - 14. Calculate i(2).
-74
Let q(f) = -17*f**2 + 36*f + 36. Calculate q(-1).
-17
Let l(v) = -1967*v - 22. Calculate l(0).
-22
Let z(a) = -27*a + 1060. What is z(40)?
-20
Let w(p) = 15*p**2 - 103*p + 15. Determine w(10).
485
Let b(m) = -11*m**2 + 127*m - 724. Give b(6).
-358
Let a(p) = 30*p - 1067. Determine a(35).
-17
Let c(l) = -l**3 - 11*l**2 + 22*l + 113. Calculate c(-12).
-7
Let k(z) = z**3 - 40*z**2 + 379*z + 87. What is k(16)?
7
Let q(l) = -75*l - 8. Calculate q(-1).
67
Let q(u) = -87*u + 167. What is q(2)?
-7
Let x(f) = -2*f + 72. Give x(13).
46
Let u(y) = -y**3 - 21*y**2 - 63*y - 79. Give u(-19).
396
Let n(l) = -l**2 + 61*l - 298. What is n(5)?
-18
Let y(a) = 3*a**3 - 17*a**2 - 29*a - 6. Give y(-2).
-40
Let i(r) = -2*r**2 - 115*r - 137. Determine i(-56).
31
Let x(t) = -t**3 - 11*t**2 - 18*t + 2. Calculate x(-8).
-46
Let t(f) = -f**2 + 92*f + 603. Determine t(-6).
15
Let a(t) = -3*t + 10. Give a(5).
-5
Let w(g) = 23*g**3 - 232*g**2 + 21*g + 12. What is w(10)?
22
Let k(i) = -67*i**2 - 23*i - 48. Calculate k(-2).
-270
Let y(v) = 822*v + 11515. Calculate y(-14).
7
Let p(l) = -8*l**3 + 256*l**2 - 3*l + 107. Give p(32).
11
Let x(u) = 2*u**2 - 8*u - 360. Determine x(-11).
-30
Let t(a) = -69*a + 2180. Calculate t(31).
41
Let b(h) = 2*h**3 + 14*h**2 + 9*h + 8. Calculate b(-6).
26
Let l(f) = -510*f + 28062. Determine l(55).
12
Let r(c) = -4*c**2 - 40*c + 10. Calculate r(-10).
10
Let m(o) = -12*o + 274. Determine m(22).
10
Let t(f) = 2*f**2 + 31*f - 27. Determine t(-17).
24
Let p(u) = 146*u - 259. Determine p(2).
33
Let u(p) = -18*p + 62. What is u(12)?
-154
Let b(w) = -2*w**3 - 52*w**2 + 54*w - 13. What is b(-27)?
-13
Let j(h) = h**3 - 21*h**2 - 22*h. Calculate j(-1).
0
Let z(p) = p**3 - 75*p**2 - 148*p - 503. Give z(77).
-41
Let y(b) = 371*b + 356. Determine y(-1).
-15
Let f(u) = u**2 + 5*u - 45. Give f(6).
21
Let s(y) = 43*y - 545. What is s(14)?
57
Let k(r) = -941*r + 25402. Calculate k(27).
-5
Let v(r) = r**2 - 15*r - 654. Determine v(29).
-248
Let f(w) = 2*w**3 - 275*w**2 + 409*w - 133. Give f(136).
3
Let n(g) = 35*g + 1519. Determine n(-32).
399
Let s(q) = 3*q**2 + 172*q - 302. Calculate s(-58).
-186
Let h(d) = -44*d + 1262. Give h(29).
-14
Let q(m) = m**3 - 35*m**2 + 194*m + 66. Calculate q(28).
10
Let j(g) = -3*g**2 - 2*g + 904. Calculate j(17).
3
Let g(k) = 9*k**